 greatest common factor of 2392 and 146722888.
2392
Calculate the highest common divisor of 18345104 and 48.
16
Calculate the highest common factor of 556955 and 3920.
35
Calculate the greatest common divisor of 612 and 21809028.
204
Calculate the highest common divisor of 4150789362 and 18.
18
What is the greatest common divisor of 1301807 and 1694660?
7703
Calculate the highest common factor of 220296 and 59496.
1608
What is the greatest common factor of 7725520 and 880?
880
What is the highest common factor of 12098 and 2355430?
46
Calculate the highest common divisor of 231 and 174622371.
231
Calculate the greatest common divisor of 1629791 and 932053.
5207
Calculate the greatest common divisor of 13554377 and 300847.
8131
What is the greatest common factor of 15655 and 773977?
31
What is the highest common divisor of 180 and 81560260?
20
What is the highest common factor of 5857841 and 66?
11
Calculate the highest common divisor of 77265 and 2482680.
255
What is the highest common factor of 2800 and 4997776?
112
Calculate the highest common divisor of 217 and 5837269.
31
What is the highest common factor of 18164 and 32452?
76
What is the highest common factor of 115393680 and 47970?
3690
Calculate the highest common factor of 62212 and 2036928.
412
Calculate the highest common divisor of 3454779919 and 9502.
4751
What is the highest common factor of 2 and 704742?
2
What is the greatest common factor of 53 and 107844?
1
Calculate the greatest common divisor of 99851 and 8029.
31
Calculate the greatest common factor of 1463084 and 308.
28
Calculate the greatest common divisor of 823250 and 1125.
125
What is the highest common factor of 269939816 and 1240?
248
What is the greatest common factor of 336717 and 324?
81
What is the greatest common divisor of 3398040 and 1570?
10
What is the greatest common divisor of 1407740 and 10737?
1193
What is the greatest common factor of 41671326 and 4155?
831
Calculate the greatest common factor of 5188903 and 4057.
4057
Calculate the greatest common divisor of 3939209773 and 1147.
1147
What is the highest common factor of 32 and 6810660?
4
What is the highest common factor of 75952 and 609636?
404
Calculate the greatest common factor of 26626680 and 315.
45
Calculate the highest common divisor of 357984 and 19404.
396
Calculate the greatest common factor of 123529075 and 25.
25
What is the greatest common divisor of 85421689 and 1362?
227
What is the highest common divisor of 14 and 44510480?
14
Calculate the greatest common divisor of 6028 and 72162284.
548
What is the highest common factor of 1477843596 and 29?
29
Calculate the highest common factor of 4949038 and 6608.
118
What is the greatest common factor of 13065 and 5760660?
1005
Calculate the highest common factor of 52360 and 96169.
17
Calculate the greatest common factor of 94436886 and 2238.
2238
What is the highest common factor of 70676160 and 64?
64
Calculate the highest common factor of 53 and 12826477.
53
Calculate the greatest common factor of 172536 and 3080.
56
Calculate the greatest common factor of 109031151 and 8001.
381
What is the greatest common factor of 153501 and 372495?
57
Calculate the highest common divisor of 66892060 and 745.
745
Calculate the highest common divisor of 238908 and 1123332.
516
What is the highest common divisor of 1435555 and 262945?
215
Calculate the greatest common divisor of 641520 and 17010.
2430
What is the highest common factor of 2808399 and 825?
33
What is the greatest common factor of 69654237 and 24285?
4857
Calculate the greatest common factor of 7497828 and 104.
52
Calculate the greatest common factor of 40 and 252689460.
20
What is the highest common divisor of 362233540 and 3140?
3140
Calculate the highest common divisor of 1968 and 12434562.
246
Calculate the greatest common factor of 7451626 and 26754.
1274
Calculate the greatest common factor of 181705290 and 25662.
3666
Calculate the greatest common divisor of 4558 and 73709697.
2279
What is the greatest common divisor of 20886 and 181248?
354
What is the greatest common factor of 11531 and 25337?
13
Calculate the highest common factor of 2356 and 63160826.
1178
Calculate the greatest common factor of 470237 and 9174696.
3383
Calculate the highest common divisor of 3584 and 20760992.
224
What is the greatest common factor of 24079327 and 969?
323
What is the highest common divisor of 3955812 and 18396?
84
What is the greatest common factor of 304 and 76236664?
152
What is the greatest common factor of 41392246 and 238?
238
What is the highest common factor of 17724191 and 667?
667
What is the highest common divisor of 12 and 722904?
12
Calculate the highest common divisor of 230880 and 47060.
260
Calculate the highest common divisor of 10156314 and 266.
14
Calculate the highest common factor of 208 and 98917000.
104
What is the highest common divisor of 21627 and 9063?
9
What is the highest common divisor of 8416 and 1110998264?
2104
What is the highest common divisor of 10100 and 9566720?
2020
What is the greatest common factor of 8884 and 51492?
4
What is the highest common factor of 16749 and 2677979?
1861
What is the highest common divisor of 12038302 and 247018?
2186
Calculate the greatest common factor of 224445 and 5124405.
195
What is the greatest common factor of 4771 and 117871?
13
Calculate the greatest common divisor of 6 and 10848888.
6
What is the greatest common divisor of 8225 and 225225?
175
What is the highest common factor of 8991027 and 429516?
2619
Calculate the greatest common factor of 120020 and 8212898.
706
Calculate the highest common factor of 170437 and 29901301.
4157
What is the greatest common divisor of 17607315 and 78045?
1815
Calculate the highest common divisor of 4346592 and 2888.
152
Calculate the highest common divisor of 8502258 and 26988.
1038
What is the highest common divisor of 549 and 299363783?
61
What is the highest common divisor of 14275 and 37377660?
2855
What is the greatest common divisor of 5064583 and 19?
19
Calculate the greatest common divisor of 8121 and 405.
3
What is the highest common divisor of 247818 and 5295606?
2406
Calculate the greatest common divisor of 162 and 172485936.
162
What is the highest common divisor of 1240 and 1662065?
155
Calculate the highest common divisor of 38375431 and 11523.
3841
What is the highest common factor of 3087 and 66909?
3
Calculate the highest common factor of 2856 and 7142142.
714
Calculate the highest common factor of 3543710 and 50.
10
What is the greatest common factor of 6310 and 874256810?
6310
Calculate the greatest common divisor of 2491792592 and 16.
16
Calculate the highest common factor of 753516 and 216.
108
What is the greatest common divisor of 10451790 and 450?
90
What is the highest common divisor of 8660839 and 3201?
1067
Calculate the highest common factor of 47851 and 271741.
439
What is the greatest common divisor of 28756476 and 9072?
252
What is the greatest common factor of 868989 and 9537?
561
What is the highest common factor of 23544 and 10232?
8
What is the greatest common divisor of 429 and 2432067?
33
Calculate the greatest common divisor of 81 and 9489357.
9
Calculate the highest common divisor of 143 and 1933152.
13
What is the highest common divisor of 484 and 3466768?
4
Calculate the highest common factor of 2174060 and 1378265.
1855
Calculate the highest common divisor of 3978 and 34578986.
442
What is the greatest common divisor of 339390 and 251100?
810
What is the greatest common divisor of 149 and 308293?
1
What is the greatest common divisor of 2009155 and 2565?
95
Calculate the greatest common factor of 53303 and 11474641.
151
Calculate the greatest common factor of 371440 and 25.
5
What is the highest common divisor of 28655833 and 134?
67
Calculate the highest common factor of 15410 and 8728090.
670
Calculate the greatest common factor of 20454749 and 231.
7
What is the greatest common divisor of 6580 and 971420?
20
What is the highest common factor of 93842698 and 4024?
1006
What is the highest common factor of 59130 and 290?
10
What is the greatest common divisor of 31264460 and 262?
262
What is the greatest common divisor of 111547215 and 115479?
5499
Calculate the highest common divisor of 15